{"id":22604,"date":"2025-06-25T09:10:51","date_gmt":"2025-06-25T07:10:51","guid":{"rendered":"https:\/\/maxwell.in-stack.com\/?post_type=product&#038;p=22604"},"modified":"2025-12-30T16:15:50","modified_gmt":"2025-12-30T15:15:50","slug":"refrigerateurs-max-rddh410s","status":"publish","type":"product","link":"https:\/\/maxwell.in-stack.com\/index.php\/produit\/refrigerateurs-max-rddh410s\/","title":{"rendered":"REFRIGERATEURS MAX-RDDH410S"},"content":{"rendered":"<p><strong>MAX &#8211; RDDH 410 S<\/strong><\/p>\n<p><strong>Capacit\u00e9 du R\u00e9frig\u00e9rateur (L): 410 L<\/strong><\/p>\n<p><strong>\u00c9clairage LED<\/strong><\/p>\n<p>\u00c9clairage LED brillant, avec une faible consommation d\u2019\u00e9nergie et une longue dur\u00e9e de vie.<\/p>\n<p><strong>Contr\u00f4le de l\u2019humidit\u00e9<\/strong><\/p>\n<p>Le syst\u00e8me de contr\u00f4le de l\u2019humidit\u00e9 permet d\u2019ajuster le niveau d\u2019humidit\u00e9 dans le tiroir \u00e0 l\u00e9gumes, afin de pr\u00e9server la fra\u00eecheur des fruits et l\u00e9gumes plus longtemps et de maintenir leur texture naturelle.<\/p>\n<ul>\n<li>Couleur du produit : Silver<\/li>\n<li>Type de Refroidissement: Defrost<\/li>\n<li>Lumi\u00e8re LED<\/li>\n<li>Porte R\u00e9versible<\/li>\n<li>Contr\u00f4le Humidit\u00e9<\/li>\n<li>Dimensions du Produit (H*L*P) cm: 166,2 * 65 * 63,5<\/li>\n<\/ul>\n","protected":false},"excerpt":{"rendered":"<p class=\"p1\">Capacit\u00e9 du R\u00e9frig\u00e9rateur (L): 410 L<\/p>\n<p class=\"p1\">\u2022 Couleur du produit : Blanc<\/p>\n<p class=\"p1\">\u2022 Type de Refroidissement: No Frost<\/p>\n<p class=\"p1\">\u2022 Compresseur Inverter<\/p>\n<p class=\"p1\">\u2022 Lumi\u00e8re LED<\/p>\n<p class=\"p1\">\u2022 Zone fra\u00eeche<\/p>\n<p class=\"p1\">\u2022 Economie d&#8217;\u00e9nergie<\/p>\n<p class=\"p1\">\u2022 Porte R\u00e9versible<\/p>\n<p class=\"p1\">\u2022 Contr\u00f4le Humidit\u00e9<\/p>\n<p class=\"p1\">\u2022 Dimensions du Produit Blac<\/p>\n<p class=\"p1\">(H*L*P) cm: 166,2 * 65 * 63,5<\/p>\n","protected":false},"featured_media":22605,"comment_status":"open","ping_status":"closed","template":"","meta":[],"product_cat":[41],"product_tag":[],"class_list":{"0":"post-22604","1":"product","2":"type-product","3":"status-publish","4":"has-post-thumbnail","6":"product_cat-refrigerateur","8":"first","9":"instock","10":"shipping-taxable","11":"product-type-simple"},"_links":{"self":[{"href":"https:\/\/maxwell.in-stack.com\/index.php\/wp-json\/wp\/v2\/product\/22604","targetHints":{"allow":["GET"]}}],"collection":[{"href":"https:\/\/maxwell.in-stack.com\/index.php\/wp-json\/wp\/v2\/product"}],"about":[{"href":"https:\/\/maxwell.in-stack.com\/index.php\/wp-json\/wp\/v2\/types\/product"}],"replies":[{"embeddable":true,"href":"https:\/\/maxwell.in-stack.com\/index.php\/wp-json\/wp\/v2\/comments?post=22604"}],"version-history":[{"count":4,"href":"https:\/\/maxwell.in-stack.com\/index.php\/wp-json\/wp\/v2\/product\/22604\/revisions"}],"predecessor-version":[{"id":23855,"href":"https:\/\/maxwell.in-stack.com\/index.php\/wp-json\/wp\/v2\/product\/22604\/revisions\/23855"}],"wp:featuredmedia":[{"embeddable":true,"href":"https:\/\/maxwell.in-stack.com\/index.php\/wp-json\/wp\/v2\/media\/22605"}],"wp:attachment":[{"href":"https:\/\/maxwell.in-stack.com\/index.php\/wp-json\/wp\/v2\/media?parent=22604"}],"wp:term":[{"taxonomy":"product_cat","embeddable":true,"href":"https:\/\/maxwell.in-stack.com\/index.php\/wp-json\/wp\/v2\/product_cat?post=22604"},{"taxonomy":"product_tag","embeddable":true,"href":"https:\/\/maxwell.in-stack.com\/index.php\/wp-json\/wp\/v2\/product_tag?post=22604"}],"curies":[{"name":"wp","href":"https:\/\/api.w.org\/{rel}","templated":true}]}}