{"id":22625,"date":"2025-06-25T09:22:52","date_gmt":"2025-06-25T07:22:52","guid":{"rendered":"https:\/\/maxwell.in-stack.com\/?post_type=product&#038;p=22625"},"modified":"2025-12-30T16:15:49","modified_gmt":"2025-12-30T15:15:49","slug":"congelateurs-max-cvdh300ais","status":"publish","type":"product","link":"https:\/\/maxwell.in-stack.com\/index.php\/produit\/congelateurs-max-cvdh300ais\/","title":{"rendered":"CONGELATEURS MAX-CVDH300AIS"},"content":{"rendered":"<p><strong>Compresseur Inverter<\/strong><\/p>\n<p>Le compresseur Inverter ajuste en continu sa vitesse de fonctionnement pour maintenir une temp\u00e9rature stable tout en r\u00e9duisant la consommation d\u2019\u00e9nergie. Plus silencieux et plus durable qu\u2019un compresseur classique, il offre des performances optimales, un confort acoustique remarquable et des \u00e9conomies d\u2019\u00e9lectricit\u00e9 au quotidien.<\/p>\n<p><strong>Eco Friendly<\/strong><\/p>\n<p>Les cong\u00e9lateurs MAXWELL utilisent des composants \u00e0 haute efficacit\u00e9 \u00e9nerg\u00e9tique, con\u00e7us pour r\u00e9duire la consommation d\u2019\u00e9lectricit\u00e9 tout en maintenant des performances de cong\u00e9lation optimales. Ils permettent de pr\u00e9server l\u2019environnement tout en r\u00e9duisant votre facture \u00e9nerg\u00e9tique.<\/p>\n<p><strong>Technologie NoFrost<\/strong><\/p>\n<p>Fini le d\u00e9givrage manuel ! La technologie NoFrost de MAXWELL r\u00e9partit le froid de mani\u00e8re homog\u00e8ne gr\u00e2ce \u00e0 son syst\u00e8me multi-flux, pour des aliments toujours frais et une organisation libre dans votre r\u00e9frig\u00e9rateur.<\/p>\n<p><strong>Capacit\u00e9 Brute (L): 300 L<\/strong><\/p>\n<ul>\n<li>Poign\u00e9e maniable<\/li>\n<li>Couleur du produit : Silver<\/li>\n<li>Type de Refroidissement: No Frost<\/li>\n<li>Compresseur LG Inverter<\/li>\n<li>Lumi\u00e8re LED<\/li>\n<li>07 Tiroires<\/li>\n<li>Economie d&#8217;\u00e9nergie<\/li>\n<li>Porte gla\u00e7ons<\/li>\n<li>\u00c9tag\u00e8res r\u00e9glables<\/li>\n<li>\u00c9tag\u00e8res en verre<\/li>\n<li>Alarme de porte<\/li>\n<li>Dimensions du Produit (H*L*P) cm: 181.7 * 70.5 * 66.5<\/li>\n<\/ul>\n<p><strong>MAX &#8211; CVDH 300 AIS<\/strong><\/p>\n<p><strong>\u00c9clairage LED<\/strong><\/p>\n<p>\u00c9clairage LED brillant, avec une faible consommation d\u2019\u00e9nergie et une longue dur\u00e9e de vie.<\/p>\n","protected":false},"excerpt":{"rendered":"<p class=\"p1\">Capacit\u00e9 Brute (L): 300L<\/p>\n<p class=\"p1\">\u2022 Couleur du produit : Silver<\/p>\n<p class=\"p1\">\u2022 Type de Refroidissement: No Frost<\/p>\n<p class=\"p1\">\u2022 Compresseur : Inverter<\/p>\n<p class=\"p1\">\u2022 Lumi\u00e8re LED<\/p>\n<p class=\"p1\">\u2022 07 Tiroires<\/p>\n<p class=\"p1\">\u2022 Filtre d\u2019ioniseur plasma<\/p>\n<p class=\"p1\">\u2022 Economie d&#8217;\u00e9nergie<\/p>\n<p class=\"p1\">\u2022 Zone fraiche<\/p>\n<p class=\"p1\">\u2022 Porte gla\u00e7ons<\/p>\n<p class=\"p1\">\u2022 \u00c9tag\u00e8res r\u00e9glables<\/p>\n<p class=\"p1\">\u2022 \u00c9tag\u00e8res en verre<\/p>\n<p class=\"p1\">\u2022 Alarme de porte<\/p>\n<p class=\"p1\">\u2022 Dimensions du Produit<\/p>\n<p class=\"p1\">(H*L*P) cm: 181.7 * 70.5 * 66.5<\/p>\n","protected":false},"featured_media":22626,"comment_status":"open","ping_status":"closed","template":"","meta":[],"product_cat":[41],"product_tag":[],"class_list":{"0":"post-22625","1":"product","2":"type-product","3":"status-publish","4":"has-post-thumbnail","6":"product_cat-refrigerateur","8":"first","9":"instock","10":"shipping-taxable","11":"product-type-simple"},"_links":{"self":[{"href":"https:\/\/maxwell.in-stack.com\/index.php\/wp-json\/wp\/v2\/product\/22625","targetHints":{"allow":["GET"]}}],"collection":[{"href":"https:\/\/maxwell.in-stack.com\/index.php\/wp-json\/wp\/v2\/product"}],"about":[{"href":"https:\/\/maxwell.in-stack.com\/index.php\/wp-json\/wp\/v2\/types\/product"}],"replies":[{"embeddable":true,"href":"https:\/\/maxwell.in-stack.com\/index.php\/wp-json\/wp\/v2\/comments?post=22625"}],"version-history":[{"count":5,"href":"https:\/\/maxwell.in-stack.com\/index.php\/wp-json\/wp\/v2\/product\/22625\/revisions"}],"predecessor-version":[{"id":23833,"href":"https:\/\/maxwell.in-stack.com\/index.php\/wp-json\/wp\/v2\/product\/22625\/revisions\/23833"}],"wp:featuredmedia":[{"embeddable":true,"href":"https:\/\/maxwell.in-stack.com\/index.php\/wp-json\/wp\/v2\/media\/22626"}],"wp:attachment":[{"href":"https:\/\/maxwell.in-stack.com\/index.php\/wp-json\/wp\/v2\/media?parent=22625"}],"wp:term":[{"taxonomy":"product_cat","embeddable":true,"href":"https:\/\/maxwell.in-stack.com\/index.php\/wp-json\/wp\/v2\/product_cat?post=22625"},{"taxonomy":"product_tag","embeddable":true,"href":"https:\/\/maxwell.in-stack.com\/index.php\/wp-json\/wp\/v2\/product_tag?post=22625"}],"curies":[{"name":"wp","href":"https:\/\/api.w.org\/{rel}","templated":true}]}}