{"id":23715,"date":"2025-12-30T10:28:59","date_gmt":"2025-12-30T09:28:59","guid":{"rendered":"https:\/\/maxwell.in-stack.com\/index.php\/produit\/machine-a-laver-top-load-automatique-10kg-max-wmtlb105ds-iv\/"},"modified":"2025-12-30T16:15:52","modified_gmt":"2025-12-30T15:15:52","slug":"machine-a-laver-top-load-automatique-10kg-max-wmtlb105ds-iv","status":"publish","type":"product","link":"https:\/\/maxwell.in-stack.com\/index.php\/produit\/machine-a-laver-top-load-automatique-10kg-max-wmtlb105ds-iv\/","title":{"rendered":"MACHINE A LAVER Top Load Automatique 10KG MAX-WMTLB105DS-IV"},"content":{"rendered":"<p><strong>MAX &#8211; WMTLB 105 DS &#8211; IV<\/strong><\/p>\n<p><strong>Inverter Direct Drive<\/strong><\/p>\n<p>Le moteur Inverter Direct Drive est directement reli\u00e9 au tambour, sans poulie ni courroie. Cette conception innovante rend votre lave-linge plus silencieux, plus fiable et plus durable, tout en offrant une efficacit\u00e9 de lavage sup\u00e9rieure. Moins de frottements, moins d\u2019usure, et une performance constante dans le temps.<\/p>\n<p><strong>Smart Wash<\/strong><\/p>\n<p>Des capteurs intelligents d\u00e9tectent automatiquement la quantit\u00e9 de linge dans le tambour et ajustent la consommation d\u2019eau et d\u2019\u00e9nergie en cons\u00e9quence. R\u00e9sultat : un lavage optimis\u00e9, des \u00e9conomies au quotidien et un respect total de vos v\u00eatements.<\/p>\n<p><strong>Fuzzy Logic<\/strong><\/p>\n<p>Le syst\u00e8me Fuzzy Logic analyse automatiquement la quantit\u00e9 de linge, le type de tissu et le niveau de salissure d\u00e8s le lancement du cycle. Le lave-linge ajuste ensuite la quantit\u00e9 d\u2019eau, la dur\u00e9e du programme, la vitesse d\u2019essorage et m\u00eame la dose de lessive n\u00e9cessaire. Cette technologie garantit un lavage parfaitement \u00e9quilibr\u00e9, tout en r\u00e9duisant la consommation d\u2019eau, d\u2019\u00e9nergie et de d\u00e9tergent.<\/p>\n<p><strong>Fonction Ajout de Linge<\/strong><\/p>\n<p>Permet d\u2019ajouter les v\u00eatements oubli\u00e9s en suspendant le programme en cours pour ouvrir la porte et ins\u00e9rer les articles dans le tambour.<\/p>\n<p><strong>S\u00e9curit\u00e9 Enfants<\/strong><\/p>\n<p>S\u00e9curise la machine en emp\u00eachant toute intervention accidentelle des enfants pendant son fonctionnement.<\/p>\n<ul>\n<li>Couleur du Produit: Silver<\/li>\n<li>Capacit\u00e9 de Lavage(kg): 10.5 KG<\/li>\n<li>Nombre de Programmes: 8<\/li>\n<li>Structure en M\u00e9tal<\/li>\n<li>Pulsateur Antibact\u00e9rien<\/li>\n<li>Programme Nettoyage Tambour<\/li>\n<li>Programme Air Dry<\/li>\n<li>D\u00e9part \/ Fin diff\u00e9r\u00e9e programmable<\/li>\n<li>Couvercle en verre \u00e0 fermeture lente<\/li>\n<li>Dimensions du Produit (HxLxP, cm): 94 x 59.5 x 60<\/li>\n<\/ul>\n","protected":false},"excerpt":{"rendered":"<p>MAX &#8211; WMTLB 105 DS &#8211; IV Inverter Direct Drive Le moteur Inverter Direct Drive est directement reli\u00e9 au tambour, sans poulie ni courroie. Cette conception innovante rend votre lave-linge plus silencieux, plus fiable et plus durable, tout en offrant une efficacit\u00e9 de lavage sup\u00e9rieure. Moins de frottements, moins d\u2019usure, et une performance constante dans le temps. Smart Wash Des capteurs intelligents d\u00e9tectent automatiquement la quantit\u00e9 de linge dans le tambour et ajustent la consommation d\u2019eau et d\u2019\u00e9nergie en cons\u00e9quence. R\u00e9sultat : un lavage optimis\u00e9, des \u00e9conomies au quotidien et un respect total de vos v\u00eatements. Fuzzy Logic Le syst\u00e8me Fuzzy Logic analyse automatiquement la quantit\u00e9 de linge, le type de tissu et le niveau de salissure d\u00e8s le lancement du cycle. Le lave-linge ajuste ensuite la quantit\u00e9 d\u2019eau, la dur\u00e9e du programme, la vitesse d\u2019essorage et m\u00eame la dose de lessive n\u00e9cessaire. Cette technologie garantit un lavage parfaitement \u00e9quilibr\u00e9, tout en r\u00e9duisant la consommation d\u2019eau, d\u2019\u00e9nergie et de d\u00e9tergent. Fonction Ajout de Linge Permet d\u2019ajouter les v\u00eatements oubli\u00e9s en suspendant le programme en cours pour ouvrir la porte et ins\u00e9rer les articles dans le tambour. S\u00e9curit\u00e9 Enfants S\u00e9curise la machine en emp\u00eachant toute intervention accidentelle des enfants pendant son fonctionnement. Couleur du Produit: Silver Capacit\u00e9 de Lavage(kg): 10.5 KG Nombre de Programmes: 8 Structure en M\u00e9tal Pulsateur Antibact\u00e9rien Programme Nettoyage Tambour Programme Air Dry D\u00e9part \/ Fin diff\u00e9r\u00e9e programmable Couvercle en verre \u00e0 fermeture lente Dimensions du Produit (HxLxP, cm): 94 x 59.5 x 60<\/p>\n","protected":false},"featured_media":23499,"comment_status":"open","ping_status":"closed","template":"","meta":[],"product_cat":[112],"product_tag":[],"class_list":{"0":"post-23715","1":"product","2":"type-product","3":"status-publish","4":"has-post-thumbnail","6":"product_cat-machine-a-laver","8":"first","9":"instock","10":"shipping-taxable","11":"product-type-simple"},"_links":{"self":[{"href":"https:\/\/maxwell.in-stack.com\/index.php\/wp-json\/wp\/v2\/product\/23715","targetHints":{"allow":["GET"]}}],"collection":[{"href":"https:\/\/maxwell.in-stack.com\/index.php\/wp-json\/wp\/v2\/product"}],"about":[{"href":"https:\/\/maxwell.in-stack.com\/index.php\/wp-json\/wp\/v2\/types\/product"}],"replies":[{"embeddable":true,"href":"https:\/\/maxwell.in-stack.com\/index.php\/wp-json\/wp\/v2\/comments?post=23715"}],"version-history":[{"count":2,"href":"https:\/\/maxwell.in-stack.com\/index.php\/wp-json\/wp\/v2\/product\/23715\/revisions"}],"predecessor-version":[{"id":23885,"href":"https:\/\/maxwell.in-stack.com\/index.php\/wp-json\/wp\/v2\/product\/23715\/revisions\/23885"}],"wp:featuredmedia":[{"embeddable":true,"href":"https:\/\/maxwell.in-stack.com\/index.php\/wp-json\/wp\/v2\/media\/23499"}],"wp:attachment":[{"href":"https:\/\/maxwell.in-stack.com\/index.php\/wp-json\/wp\/v2\/media?parent=23715"}],"wp:term":[{"taxonomy":"product_cat","embeddable":true,"href":"https:\/\/maxwell.in-stack.com\/index.php\/wp-json\/wp\/v2\/product_cat?post=23715"},{"taxonomy":"product_tag","embeddable":true,"href":"https:\/\/maxwell.in-stack.com\/index.php\/wp-json\/wp\/v2\/product_tag?post=23715"}],"curies":[{"name":"wp","href":"https:\/\/api.w.org\/{rel}","templated":true}]}}